{"id":1351,"date":"2020-02-09T23:40:50","date_gmt":"2020-02-09T22:40:50","guid":{"rendered":"https:\/\/schule-sad.de\/?page_id=1351"},"modified":"2025-07-04T11:36:31","modified_gmt":"2025-07-04T10:36:31","slug":"v-plan","status":"publish","type":"page","link":"https:\/\/schule-sad.de\/?page_id=1351","title":{"rendered":"Vertretungsplan (alt)"},"content":{"rendered":"\n<p class=\"has-text-align-center has-medium-font-size\"><strong><a href=\"http:\/\/vplan.schule-sad.de\/\">Vertretungsplan<\/a><\/strong> (Link)<\/p>\n\n\n\n<p>Durch das Abspeichern des Links auf den Mobilger\u00e4ten kann eine permanente Verkn\u00fcpfung erreicht werden. <\/p>\n\n\n\n<p class=\"has-small-font-size\">&#8222;Zum Startbildschirm zuf\u00fcgen&#8220; <em><strong>(Android und Chrome) <\/strong><\/em>  |  &#8222;Teilen-Button&#8220; ==&gt; &#8222;Zum Home-Bildschirm&#8220; <em><strong>(Apple unter Safari) <\/strong><\/em><\/p>\n\n\n\n<hr class=\"wp-block-separator has-css-opacity is-style-wide\"\/>\n\n\n\n<p class=\"has-text-align-center has-medium-font-size\"><a href=\"https:\/\/schule-sad.de\/wp-content\/uploads\/2021\/10\/Vertretungsplan.apk\" data-type=\"URL\" data-id=\"https:\/\/schule-sad.de\/wp-content\/uploads\/2021\/10\/Vertretungsplan.apk\"><strong>Vertretungsplan-App f\u00fcr <span style=\"background-color:rgba(0, 0, 0, 0)\" class=\"has-inline-color has-vivid-red-color\">Android<\/span><\/strong><\/a> (Download)<\/p>\n\n\n\n<p>Je nach Browser (z.B. Chrome) kann es sein, dass eine Warnung kommt und \u00fcber den Punkt &#8222;<em>Einstellungen<\/em>&#8220; die Installation aus &#8222;<em>anderen Quellen<\/em>&#8220; erlaubt werden muss. Ggf. muss dies in den Android-Systemeinstellungen auch gemacht werden. Anleitungen dazu gibt es reichlich online.<\/p>\n\n\n\n<p>Je nach Android-Version kann es sein, dass die Datei nach dem Herunterladen zu &#8222;Vertretungsplan.apk.zip&#8220; ver\u00e4ndert wird. Die Datei einfach im Datei-Explorer umbenennen und das &#8222;.zip&#8220; entfernen. Danach ist die App installierbar.<\/p>\n\n\n<div class=\"wp-block-image\">\n<figure class=\"aligncenter size-full is-resized\"><a href=\"https:\/\/schule-sad.de\/wp-content\/uploads\/2021\/10\/vplan-app.jpg\"><img loading=\"lazy\" decoding=\"async\" width=\"540\" height=\"960\" src=\"https:\/\/schule-sad.de\/wp-content\/uploads\/2021\/10\/vplan-app.jpg\" alt=\"\" class=\"wp-image-1965\" style=\"width:180px;height:390px\" srcset=\"https:\/\/schule-sad.de\/wp-content\/uploads\/2021\/10\/vplan-app.jpg 540w, https:\/\/schule-sad.de\/wp-content\/uploads\/2021\/10\/vplan-app-169x300.jpg 169w\" sizes=\"auto, (max-width: 540px) 100vw, 540px\" \/><\/a><\/figure>\n<\/div>\n\n\n<p>Die App ist lediglich zur Anzeige von Informationen gedacht. Sie sammelt, sendet und verarbeitet keine Daten. <em>Sie ist eine Eigenentwicklung von N. M\u00f6ller mit Hilfe des MIT-App-Inventors.<\/em><\/p>\n\n\n\n<hr class=\"wp-block-separator has-css-opacity\"\/>\n","protected":false},"excerpt":{"rendered":"<p>Vertretungsplan (Link) Durch das Abspeichern des Links auf den Mobilger\u00e4ten kann eine permanente Verkn\u00fcpfung erreicht werden. &#8222;Zum Startbildschirm zuf\u00fcgen&#8220; (Android und Chrome) | &#8222;Teilen-Button&#8220; ==&gt; &#8222;Zum Home-Bildschirm&#8220; (Apple unter Safari) Vertretungsplan-App f\u00fcr Android (Download) Je nach Browser (z.B. Chrome) kann&#8230;<br \/><a class=\"read-more-button\" href=\"https:\/\/schule-sad.de\/?page_id=1351\">Read more<\/a><\/p>\n","protected":false},"author":1,"featured_media":0,"parent":0,"menu_order":0,"comment_status":"closed","ping_status":"closed","template":"","meta":{"footnotes":""},"class_list":["post-1351","page","type-page","status-publish","hentry"],"_links":{"self":[{"href":"https:\/\/schule-sad.de\/index.php?rest_route=\/wp\/v2\/pages\/1351","targetHints":{"allow":["GET"]}}],"collection":[{"href":"https:\/\/schule-sad.de\/index.php?rest_route=\/wp\/v2\/pages"}],"about":[{"href":"https:\/\/schule-sad.de\/index.php?rest_route=\/wp\/v2\/types\/page"}],"author":[{"embeddable":true,"href":"https:\/\/schule-sad.de\/index.php?rest_route=\/wp\/v2\/users\/1"}],"replies":[{"embeddable":true,"href":"https:\/\/schule-sad.de\/index.php?rest_route=%2Fwp%2Fv2%2Fcomments&post=1351"}],"version-history":[{"count":49,"href":"https:\/\/schule-sad.de\/index.php?rest_route=\/wp\/v2\/pages\/1351\/revisions"}],"predecessor-version":[{"id":2937,"href":"https:\/\/schule-sad.de\/index.php?rest_route=\/wp\/v2\/pages\/1351\/revisions\/2937"}],"wp:attachment":[{"href":"https:\/\/schule-sad.de\/index.php?rest_route=%2Fwp%2Fv2%2Fmedia&parent=1351"}],"curies":[{"name":"wp","href":"https:\/\/api.w.org\/{rel}","templated":true}]}}