{"id":1562,"date":"2020-12-06T20:34:04","date_gmt":"2020-12-06T19:34:04","guid":{"rendered":"https:\/\/schule-sad.de\/?page_id=1562"},"modified":"2026-01-05T12:40:43","modified_gmt":"2026-01-05T11:40:43","slug":"interesse-an-unserer-schule","status":"publish","type":"page","link":"https:\/\/schule-sad.de\/?page_id=1562","title":{"rendered":"Interesse an unserer Schule?"},"content":{"rendered":"\n<p><strong>Du willst bei uns zur Schule gehen? <\/strong><\/p>\n\n\n\n<p><strong>Sie wollen Ihr Kind bei uns in der 5. Klasse anmelden? <\/strong><\/p>\n\n\n\n<p>Schauen Sie sich gerne auf unseren Homepageseiten um. Da es in diesen Zeiten leider keine Informationsveranstaltungen und auch keinen Tag der offenen T\u00fcr bei uns in der Schule geben wird, finden Sie hier ein Video und eine PowerPoint-Pr\u00e4sentation zu allen Fragen rund um die Anmeldung f\u00fcr die kommenden F\u00fcnftkl\u00e4ssler.<\/p>\n\n\n\n<p>Wir freuen uns schon auf euch und Sie.<\/p>\n\n\n\n<div data-wp-interactive=\"core\/file\" class=\"wp-block-file\"><object data-wp-bind--hidden=\"!state.hasPdfPreview\" hidden class=\"wp-block-file__embed\" data=\"https:\/\/schule-sad.de\/wp-content\/uploads\/2026\/01\/Praesentation-Version-2025-fuer-Homepage-Stand-vom-18.12.2025.pdf\" type=\"application\/pdf\" style=\"width:100%;height:600px\" aria-label=\"Einbettung von Pr\u00e4sentation Version 2025- f\u00fcr Homepage Stand vom 18.12.2025.\"><\/object><a id=\"wp-block-file--media-468760a4-b281-4779-87d6-cc06ec710219\" href=\"https:\/\/schule-sad.de\/wp-content\/uploads\/2026\/01\/Praesentation-Version-2025-fuer-Homepage-Stand-vom-18.12.2025.pdf\">Pr\u00e4sentation Version 2025- f\u00fcr Homepage Stand vom 18.12.2025<\/a><a href=\"https:\/\/schule-sad.de\/wp-content\/uploads\/2026\/01\/Praesentation-Version-2025-fuer-Homepage-Stand-vom-18.12.2025.pdf\" class=\"wp-block-file__button wp-element-button\" download aria-describedby=\"wp-block-file--media-468760a4-b281-4779-87d6-cc06ec710219\">Herunterladen<\/a><\/div>\n\n\n\n<p class=\"has-text-align-center has-large-font-size\"><strong>360\u00b0 Rundgang der Schule:<\/strong><\/p>\n\n\n\n<iframe loading=\"lazy\" width=\"100%\" height=\"500\" src=\"https:\/\/tours.bemotion-360.de\/tour\/grund-undgemeinschaftsschuleschacht-audorf\" frameborder=\"0\" allowfullscreen=\"\"><\/iframe>\n\n\n\n<figure class=\"wp-block-embed is-type-video is-provider-youtube wp-block-embed-youtube wp-embed-aspect-16-9 wp-has-aspect-ratio\"><div class=\"wp-block-embed__wrapper\">\n<iframe loading=\"lazy\" title=\"Grund- und Gemeinschaftsschule Schacht-Audorf\" width=\"734\" height=\"413\" src=\"https:\/\/www.youtube.com\/embed\/XakvKbvHIHk?feature=oembed\" frameborder=\"0\" allow=\"accelerometer; autoplay; clipboard-write; encrypted-media; gyroscope; picture-in-picture; web-share\" referrerpolicy=\"strict-origin-when-cross-origin\" allowfullscreen><\/iframe>\n<\/div><\/figure>\n\n\n\n<figure class=\"wp-block-embed is-type-video is-provider-youtube wp-block-embed-youtube wp-embed-aspect-16-9 wp-has-aspect-ratio\"><div class=\"wp-block-embed__wrapper\">\n<iframe loading=\"lazy\" title=\"Die Grundschule in Schacht-Audorf stellt sich vor\" width=\"734\" height=\"413\" src=\"https:\/\/www.youtube.com\/embed\/Fwbu5p5tUzg?feature=oembed\" frameborder=\"0\" allow=\"accelerometer; autoplay; clipboard-write; encrypted-media; gyroscope; picture-in-picture; web-share\" referrerpolicy=\"strict-origin-when-cross-origin\" allowfullscreen><\/iframe>\n<\/div><\/figure>\n","protected":false},"excerpt":{"rendered":"<p>Du willst bei uns zur Schule gehen? Sie wollen Ihr Kind bei uns in der 5. Klasse anmelden? Schauen Sie sich gerne auf unseren Homepageseiten um. Da es in diesen Zeiten leider keine Informationsveranstaltungen und auch keinen Tag der offenen&#8230;<br \/><a class=\"read-more-button\" href=\"https:\/\/schule-sad.de\/?page_id=1562\">Read more<\/a><\/p>\n","protected":false},"author":2,"featured_media":0,"parent":33,"menu_order":0,"comment_status":"closed","ping_status":"closed","template":"","meta":{"footnotes":""},"class_list":["post-1562","page","type-page","status-publish","hentry"],"_links":{"self":[{"href":"https:\/\/schule-sad.de\/index.php?rest_route=\/wp\/v2\/pages\/1562","targetHints":{"allow":["GET"]}}],"collection":[{"href":"https:\/\/schule-sad.de\/index.php?rest_route=\/wp\/v2\/pages"}],"about":[{"href":"https:\/\/schule-sad.de\/index.php?rest_route=\/wp\/v2\/types\/page"}],"author":[{"embeddable":true,"href":"https:\/\/schule-sad.de\/index.php?rest_route=\/wp\/v2\/users\/2"}],"replies":[{"embeddable":true,"href":"https:\/\/schule-sad.de\/index.php?rest_route=%2Fwp%2Fv2%2Fcomments&post=1562"}],"version-history":[{"count":20,"href":"https:\/\/schule-sad.de\/index.php?rest_route=\/wp\/v2\/pages\/1562\/revisions"}],"predecessor-version":[{"id":3135,"href":"https:\/\/schule-sad.de\/index.php?rest_route=\/wp\/v2\/pages\/1562\/revisions\/3135"}],"up":[{"embeddable":true,"href":"https:\/\/schule-sad.de\/index.php?rest_route=\/wp\/v2\/pages\/33"}],"wp:attachment":[{"href":"https:\/\/schule-sad.de\/index.php?rest_route=%2Fwp%2Fv2%2Fmedia&parent=1562"}],"curies":[{"name":"wp","href":"https:\/\/api.w.org\/{rel}","templated":true}]}}

<p><strong>Du willst bei uns zur Schule gehen? </strong></p>



<p><strong>Sie wollen Ihr Kind bei uns in der 5. Klasse anmelden? </strong></p>



<p>Schauen Sie sich gerne auf unseren Homepageseiten um. Da es in diesen Zeiten leider keine Informationsveranstaltungen und auch keinen Tag der offenen Tür bei uns in der Schule geben wird, finden Sie hier ein Video und eine PowerPoint-Präsentation zu allen Fragen rund um die Anmeldung für die kommenden Fünftklässler.</p>



<p>Wir freuen uns schon auf euch und Sie.</p>



<div data-wp-interactive="core/file" class="wp-block-file"><object data-wp-bind--hidden="!state.hasPdfPreview" hidden class="wp-block-file__embed" data="https://schule-sad.de/wp-content/uploads/2026/01/Praesentation-Version-2025-fuer-Homepage-Stand-vom-18.12.2025.pdf" type="application/pdf" style="width:100%;height:600px" aria-label="Einbettung von Präsentation Version 2025- für Homepage Stand vom 18.12.2025."></object><a id="wp-block-file--media-468760a4-b281-4779-87d6-cc06ec710219" href="https://schule-sad.de/wp-content/uploads/2026/01/Praesentation-Version-2025-fuer-Homepage-Stand-vom-18.12.2025.pdf">Präsentation Version 2025- für Homepage Stand vom 18.12.2025</a><a href="https://schule-sad.de/wp-content/uploads/2026/01/Praesentation-Version-2025-fuer-Homepage-Stand-vom-18.12.2025.pdf" class="wp-block-file__button wp-element-button" download aria-describedby="wp-block-file--media-468760a4-b281-4779-87d6-cc06ec710219">Herunterladen</a></div>



<p class="has-text-align-center has-large-font-size"><strong>360° Rundgang der Schule:</strong></p>



<iframe loading="lazy" width="100%" height="500" src="https://tours.bemotion-360.de/tour/grund-undgemeinschaftsschuleschacht-audorf" frameborder="0" allowfullscreen=""></iframe>



<figure class="wp-block-embed is-type-video is-provider-youtube wp-block-embed-youtube wp-embed-aspect-16-9 wp-has-aspect-ratio"><div class="wp-block-embed__wrapper">
<iframe loading="lazy" title="Grund- und Gemeinschaftsschule Schacht-Audorf" width="734" height="413" src="https://www.youtube.com/embed/XakvKbvHIHk?feature=oembed" frameborder="0" allow="accelerometer; autoplay; clipboard-write; encrypted-media; gyroscope; picture-in-picture; web-share" referrerpolicy="strict-origin-when-cross-origin" allowfullscreen></iframe>
</div></figure>



<figure class="wp-block-embed is-type-video is-provider-youtube wp-block-embed-youtube wp-embed-aspect-16-9 wp-has-aspect-ratio"><div class="wp-block-embed__wrapper">
<iframe loading="lazy" title="Die Grundschule in Schacht-Audorf stellt sich vor" width="734" height="413" src="https://www.youtube.com/embed/Fwbu5p5tUzg?feature=oembed" frameborder="0" allow="accelerometer; autoplay; clipboard-write; encrypted-media; gyroscope; picture-in-picture; web-share" referrerpolicy="strict-origin-when-cross-origin" allowfullscreen></iframe>
</div></figure>
