{"id":2813,"date":"2025-02-04T21:18:13","date_gmt":"2025-02-04T20:18:13","guid":{"rendered":"https:\/\/schule-sad.de\/?page_id=2813"},"modified":"2025-02-04T21:19:13","modified_gmt":"2025-02-04T20:19:13","slug":"wege-nach-dem-abschluss","status":"publish","type":"page","link":"https:\/\/schule-sad.de\/?page_id=2813","title":{"rendered":"Wege nach dem Abschluss"},"content":{"rendered":"\n<div data-wp-interactive=\"core\/file\" class=\"wp-block-file\"><object data-wp-bind--hidden=\"!state.hasPdfPreview\" hidden class=\"wp-block-file__embed\" data=\"https:\/\/schule-sad.de\/wp-content\/uploads\/2025\/01\/Wege-nach-der-10.-Klasse-2025.pdf\" type=\"application\/pdf\" style=\"width:100%;height:600px\" aria-label=\"Einbettung von Wege nach der 10. Klasse 2025.\"><\/object><a id=\"wp-block-file--media-b86e0634-b73c-4324-ab8a-c94827a4fe93\" href=\"https:\/\/schule-sad.de\/wp-content\/uploads\/2025\/01\/Wege-nach-der-10.-Klasse-2025.pdf\">Wege nach der 10. Klasse 2025<\/a><a href=\"https:\/\/schule-sad.de\/wp-content\/uploads\/2025\/01\/Wege-nach-der-10.-Klasse-2025.pdf\" class=\"wp-block-file__button wp-element-button\" download aria-describedby=\"wp-block-file--media-b86e0634-b73c-4324-ab8a-c94827a4fe93\">Herunterladen<\/a><\/div>\n\n\n\n<div data-wp-interactive=\"core\/file\" class=\"wp-block-file\"><object data-wp-bind--hidden=\"!state.hasPdfPreview\" hidden class=\"wp-block-file__embed\" data=\"https:\/\/schule-sad.de\/wp-content\/uploads\/2025\/01\/Wege-mit-ESA-nach-der-9.-Klasse-2025.pdf\" type=\"application\/pdf\" style=\"width:100%;height:600px\" aria-label=\"Einbettung von Wege mit ESA nach der 9. Klasse 2025.\"><\/object><a id=\"wp-block-file--media-f99aa735-7ef0-46b0-b2d1-6f840acba514\" href=\"https:\/\/schule-sad.de\/wp-content\/uploads\/2025\/01\/Wege-mit-ESA-nach-der-9.-Klasse-2025.pdf\">Wege mit ESA nach der 9. Klasse 2025<\/a><a href=\"https:\/\/schule-sad.de\/wp-content\/uploads\/2025\/01\/Wege-mit-ESA-nach-der-9.-Klasse-2025.pdf\" class=\"wp-block-file__button wp-element-button\" download aria-describedby=\"wp-block-file--media-f99aa735-7ef0-46b0-b2d1-6f840acba514\">Herunterladen<\/a><\/div>\n\n\n\n<div data-wp-interactive=\"core\/file\" class=\"wp-block-file\"><object data-wp-bind--hidden=\"!state.hasPdfPreview\" hidden class=\"wp-block-file__embed\" data=\"https:\/\/schule-sad.de\/wp-content\/uploads\/2020\/01\/Wege-f\u00fcr-F\u00f6rdersch\u00fcler-nach-der-9.-Klasse-2020.pdf\" type=\"application\/pdf\" style=\"width:100%;height:600px\" aria-label=\"Einbettung von Wege f\u00fcr F\u00f6rdersch\u00fcler nach der 9. Klasse 2020.\"><\/object><a id=\"wp-block-file--media-4d0503fb-834a-46f3-8c02-373e042e1c6d\" href=\"https:\/\/schule-sad.de\/wp-content\/uploads\/2020\/01\/Wege-f\u00fcr-F\u00f6rdersch\u00fcler-nach-der-9.-Klasse-2020.pdf\">Wege f\u00fcr F\u00f6rdersch\u00fcler nach der 9. Klasse 2020<\/a><a href=\"https:\/\/schule-sad.de\/wp-content\/uploads\/2020\/01\/Wege-f\u00fcr-F\u00f6rdersch\u00fcler-nach-der-9.-Klasse-2020.pdf\" class=\"wp-block-file__button wp-element-button\" download aria-describedby=\"wp-block-file--media-4d0503fb-834a-46f3-8c02-373e042e1c6d\">Herunterladen<\/a><\/div>\n","protected":false},"excerpt":{"rendered":"","protected":false},"author":2,"featured_media":0,"parent":2800,"menu_order":0,"comment_status":"closed","ping_status":"closed","template":"","meta":{"footnotes":""},"class_list":["post-2813","page","type-page","status-publish","hentry"],"_links":{"self":[{"href":"https:\/\/schule-sad.de\/index.php?rest_route=\/wp\/v2\/pages\/2813","targetHints":{"allow":["GET"]}}],"collection":[{"href":"https:\/\/schule-sad.de\/index.php?rest_route=\/wp\/v2\/pages"}],"about":[{"href":"https:\/\/schule-sad.de\/index.php?rest_route=\/wp\/v2\/types\/page"}],"author":[{"embeddable":true,"href":"https:\/\/schule-sad.de\/index.php?rest_route=\/wp\/v2\/users\/2"}],"replies":[{"embeddable":true,"href":"https:\/\/schule-sad.de\/index.php?rest_route=%2Fwp%2Fv2%2Fcomments&post=2813"}],"version-history":[{"count":2,"href":"https:\/\/schule-sad.de\/index.php?rest_route=\/wp\/v2\/pages\/2813\/revisions"}],"predecessor-version":[{"id":2816,"href":"https:\/\/schule-sad.de\/index.php?rest_route=\/wp\/v2\/pages\/2813\/revisions\/2816"}],"up":[{"embeddable":true,"href":"https:\/\/schule-sad.de\/index.php?rest_route=\/wp\/v2\/pages\/2800"}],"wp:attachment":[{"href":"https:\/\/schule-sad.de\/index.php?rest_route=%2Fwp%2Fv2%2Fmedia&parent=2813"}],"curies":[{"name":"wp","href":"https:\/\/api.w.org\/{rel}","templated":true}]}}