{"id":60,"date":"2016-08-22T22:56:16","date_gmt":"2016-08-22T21:56:16","guid":{"rendered":"http:\/\/neu.schule-sad.de\/?page_id=60"},"modified":"2023-10-01T17:21:30","modified_gmt":"2023-10-01T16:21:30","slug":"busfahrplaene-stundenplaene-und-klassenlisten","status":"publish","type":"page","link":"https:\/\/schule-sad.de\/?page_id=60","title":{"rendered":"Buspl\u00e4ne"},"content":{"rendered":"\n<p class=\"has-text-align-center has-black-color has-text-color has-medium-font-size\"><strong>Sch\u00fclerbef\u00f6rderung ab dem 02.08.2021<\/strong><\/p>\n\n\n\n<p>Zum 02.08.2021 wird es im \u00d6PNV-Liniennetz des Kreises Rendsburg-Eckernf\u00f6rde einige Anpassungen geben, daher kommt es auch im Rahmen der Sch\u00fclerbef\u00f6rderung des Schulverbandes im Amt Eiderkanal zu einigen \u00c4nderungen im Bereich der Fahrpl\u00e4ne.<\/p>\n\n\n\n<p>Wir sind bem\u00fcht, Ihnen an dieser Stelle zeitnah die neuesten Pl\u00e4ne und Informationen zusammenzustellen. Dennoch k\u00f6nnen wir f\u00fcr die Pl\u00e4ne keine Gew\u00e4hr \u00fcbernehmen, da es immer zu kurzfristigen \u00c4nderungen kommen kann.<\/p>\n\n\n\n<p class=\"has-text-align-center\"><mark style=\"background-color:rgba(0, 0, 0, 0)\" class=\"has-inline-color has-vivid-red-color\">Die aktuellsten Pl\u00e4ne und den Link zum Routenplaner von NAH.SH sind hier zu finden:<\/mark><\/p>\n\n\n\n<p class=\"has-text-align-center\"><a href=\"https:\/\/www.dbregiobus-nord.de\/fahrplan\/kursbuchtmpl\"><strong>https:\/\/www.dbregiobus-nord.de\/fahrplan\/kursbuchtmpl<\/strong><\/a><\/p>\n\n\n\n<p> <\/p>\n\n\n\n<p>F\u00fcr weitere Informationen, Kritik und Anregungen stehen Ihnen auch diese Ansprechpartner gerne zur Verf\u00fcgung:<\/p>\n\n\n\n<figure class=\"wp-block-table\"><table><tbody><tr><td><strong>&gt; Autokraft:<\/strong><\/td><td>0431\/38671024, E-Mail: Kundenservice.Nord@db-bus.com<\/td><\/tr><tr><td><strong>&gt; nah.SH:<\/strong><\/td><td>0431\/66019449, E-Mail: <a href=\"mailto:kundendialog@nah.sh\">kundendialog@nah.sh<\/a><\/td><\/tr><tr><td><strong>&gt; \u00d6PNV Kreis RD:<\/strong><\/td><td><a href=\"mailto:OEPNV@kreis-rd.de\">OEPNV@kreis-rd.de<\/a><\/td><\/tr><tr><td><strong>&gt; Beschwerdemanagement:<\/strong><\/td><td><a href=\"mailto:schulbus@amt-eiderkanal.de\">schulbus@amt-eiderkanal.de<\/a><\/td><\/tr><\/tbody><\/table><\/figure>\n\n\n\n<div class=\"wp-block-file\"><a id=\"wp-block-file--media-69901c6e-a11f-4bf8-8586-eece6a637b13\" href=\"https:\/\/schule-sad.de\/wp-content\/uploads\/2022\/07\/Schuelerbefoerderung2022.pdf\">Sch\u00fclerbef\u00f6rderung Eigenbeteiligung 2022<\/a><a href=\"https:\/\/schule-sad.de\/wp-content\/uploads\/2022\/07\/Schuelerbefoerderung2022.pdf\" class=\"wp-block-file__button wp-element-button\" download aria-describedby=\"wp-block-file--media-69901c6e-a11f-4bf8-8586-eece6a637b13\">Herunterladen<\/a><\/div>\n","protected":false},"excerpt":{"rendered":"<p>Sch\u00fclerbef\u00f6rderung ab dem 02.08.2021 Zum 02.08.2021 wird es im \u00d6PNV-Liniennetz des Kreises Rendsburg-Eckernf\u00f6rde einige Anpassungen geben, daher kommt es auch im Rahmen der Sch\u00fclerbef\u00f6rderung des Schulverbandes im Amt Eiderkanal zu einigen \u00c4nderungen im Bereich der Fahrpl\u00e4ne. Wir sind bem\u00fcht, Ihnen&#8230;<br \/><a class=\"read-more-button\" href=\"https:\/\/schule-sad.de\/?page_id=60\">Read more<\/a><\/p>\n","protected":false},"author":2,"featured_media":0,"parent":103,"menu_order":2,"comment_status":"closed","ping_status":"closed","template":"","meta":{"footnotes":""},"class_list":["post-60","page","type-page","status-publish","hentry"],"_links":{"self":[{"href":"https:\/\/schule-sad.de\/index.php?rest_route=\/wp\/v2\/pages\/60","targetHints":{"allow":["GET"]}}],"collection":[{"href":"https:\/\/schule-sad.de\/index.php?rest_route=\/wp\/v2\/pages"}],"about":[{"href":"https:\/\/schule-sad.de\/index.php?rest_route=\/wp\/v2\/types\/page"}],"author":[{"embeddable":true,"href":"https:\/\/schule-sad.de\/index.php?rest_route=\/wp\/v2\/users\/2"}],"replies":[{"embeddable":true,"href":"https:\/\/schule-sad.de\/index.php?rest_route=%2Fwp%2Fv2%2Fcomments&post=60"}],"version-history":[{"count":46,"href":"https:\/\/schule-sad.de\/index.php?rest_route=\/wp\/v2\/pages\/60\/revisions"}],"predecessor-version":[{"id":2439,"href":"https:\/\/schule-sad.de\/index.php?rest_route=\/wp\/v2\/pages\/60\/revisions\/2439"}],"up":[{"embeddable":true,"href":"https:\/\/schule-sad.de\/index.php?rest_route=\/wp\/v2\/pages\/103"}],"wp:attachment":[{"href":"https:\/\/schule-sad.de\/index.php?rest_route=%2Fwp%2Fv2%2Fmedia&parent=60"}],"curies":[{"name":"wp","href":"https:\/\/api.w.org\/{rel}","templated":true}]}}